 units digit of u(-2)?
4
Let p(m) = m**3 + 7*m**2 + m - 7. What is the units digit of p(-5)?
8
Let j = -20 + 25. What is the units digit of j?
5
What is the units digit of 1/(-4) - (-40)/32?
1
Suppose q - 1 = 4. Let w(a) = 3*a + 6. What is the units digit of w(q)?
1
Suppose -3*i + 0*i + 966 = 0. What is the hundreds digit of i?
3
Let x(g) = 2*g**2 + 9*g + 21. What is the tens digit of x(-8)?
7
Let u(k) = 8*k - 2. Let h be u(2). Suppose l - 3*c + h = 0, 3*c + 1 + 0 = -2*l. Let a(r) = r**2 + 5*r + 2. What is the units digit of a(l)?
2
Let x = -2 + 3. Let n be x + 0/3 + 3. Suppose n = c + d, c - 5*d - 3 - 1 = 0. What is the units digit of c?
4
Let l(a) = a**3 + 2*a**2 - 4*a - 1. Let g be l(-3). Suppose -n - g*n = 12. What is the units digit of ((-15)/n)/((-9)/(-24))?
0
Let i(q) = -q**2 - 4*q - 3. Let p be i(-3). Let g(r) = r**2 + r + 6. What is the units digit of g(p)?
6
Let p(u) = 2*u**2 + 11*u - 6. Let h be p(-6). Suppose 0*m - 4*m + 68 = h. What is the units digit of m?
7
Let t be 46/(-2) + 2 + -1. Let z be -1 + 1 - (13 - 4). Let c = z - t. What is the units digit of c?
3
Let p(d) = -3*d + 7. Let t(h) = -5*h + 15. Let v(r) = -13*p(r) + 6*t(r). What is the tens digit of v(2)?
1
Let b = 88 + -50. What is the units digit of b?
8
Let b(h) = -h + 1. Let p be b(1). Suppose 0 = q + 4*u + 1, -4*q = -p*u + 5*u - 7. What is the units digit of ((-2)/q)/(12/(-126))?
7
Suppose -3*j + 50 = -10. What is the units digit of j?
0
Suppose -15 = -x + 3*k - 4, k = 2*x - 12. Suppose 4*r = -3*b + 63, 2*r - 4*r + 51 = -x*b. What is the tens digit of r?
1
What is the units digit of (-2)/(-9) - 2780/(-45)?
2
Let d = 10 - 2. What is the units digit of d?
8
Let f(h) = h**2 + 8*h + 6. Let v be f(-8). Suppose 0 = -3*u - v + 60. What is the tens digit of u?
1
Suppose 2*s = -3*j + 330, -j - 572 = -6*j + 4*s. Suppose 4*y = -4*l + 152, 0*y + 4*l = -3*y + j. What is the units digit of 5/15 - y/(-6)?
7
What is the units digit of (((-48)/(-10))/(-2))/((-10)/225)?
4
Let j = -9 + 18. Suppose j = -2*t + 39. What is the units digit of t?
5
Let x(o) = o**2 - 5*o - 1. Let t be x(-4). Let r = 10 - 6. Suppose 11 = -r*i + t. What is the units digit of i?
6
Let s = 180 + -61. What is the units digit of s?
9
Let n(t) = -t**3 - 10*t**2 - 2*t - 9. Let h be n(-10). Suppose -1 + h = i. What is the tens digit of i?
1
Let z = 85 + 49. Suppose -6*r + z = -r + 3*o, 2 = -o. What is the tens digit of r?
2
Let t(p) = 3*p**2 + p - 1. Let k be t(-2). What is the units digit of (-19)/(-1) - 9/k?
8
Suppose -4*d + 2*m + 70 = 0, d + m = -4 + 17. Suppose -4*v + 3*v = -d. What is the units digit of v?
6
Let d(w) = w**3 + 4*w**2 - 4*w + 7. What is the units digit of d(-5)?
2
Let z = 190 - 135. What is the tens digit of z?
5
Suppose 4*i = a + i - 13, 5*a + 2*i - 31 = 0. Let v(c) = -c - 10 - 3*c + 3*c + 3*c. What is the units digit of v(a)?
4
What is the hundreds digit of ((-1068)/10)/(22/(-55))?
2
What is the units digit of 2/9 + (-5122)/(-117)?
4
Let n be 2/4*2/(-1). Let s = -6 + 5. What is the units digit of (-2)/4*(s + n)?
1
Suppose -4*c - 424 = -8*c. What is the tens digit of c?
0
Let u = -5 + 26. What is the units digit of u?
1
Let k = 29 - -5. What is the tens digit of k?
3
What is the units digit of 71 + ((-3)/(-9))/((-2)/(-6))?
2
Let m be 4/14*(8 + -1). Let v be (m/4)/(4/(-8)). What is the tens digit of 5/((-2)/4 - v)?
1
Let f = -8 - -14. Let s be (f - 14)*(-2)/4. Suppose s*p - 22 - 2 = 0. What is the units digit of p?
6
Let w(y) = -y**3 + y**2 + 2*y - 2. Let m be w(2). Let r = 18 - m. What is the units digit of r?
0
Let d = 338 + -238. What is the hundreds digit of d?
1
Let p(n) = -n**2 - 11*n - 7. Let r be p(-10). What is the units digit of 1 + (2 - r*-3)?
2
Let k(h) = -h - 2. Let y(g) = g + 3. Let i(u) = 7*k(u) + 6*y(u). Let s be i(3). What is the units digit of (s - (4 + -2))*-1?
1
Let o be (-102)/(-14) - 4/14. Suppose o*r = 2*r + 2*z + 20, -r = 5*z + 23. Let v = 9 + r. What is the tens digit of v?
1
Suppose -2*r - 6 = -0*r. Let l be (3 + r)/((-6)/2). Let v(h) = -h + 7. What is the units digit of v(l)?
7
Let u = 4 + -52. Let y = u + 29. Let i = y + 28. What is the units digit of i?
9
What is the units digit of ((-22)/77)/((-2)/28)?
4
Let z be 1/3 - 53/(-3). Suppose m = -m + z. Suppose -4*x + m = i - 0, 2 = -x + 4*i. What is the units digit of x?
2
What is the hundreds digit of 50/(((-6)/4)/(-6 + 0))?
2
Let d(o) = 3*o - 2. Let s be d(3). Let j = s - 3. Suppose 0 = -n + j*n - 15. What is the units digit of n?
5
Suppose -16 = -3*n - 7. Suppose -35 = -2*z - n*z. Suppose 5*w - 20 = -x, -2*x - 4*w + 29 - z = 0. What is the units digit of x?
5
Let x(g) = g**2 - g. Let y = 25 + -26. What is the units digit of x(y)?
2
Suppose -122 = 5*n - g, 5*n = 4*n + 3*g - 30. Let r = 38 + n. What is the tens digit of r?
1
Suppose -3*m + 1 + 8 = 0. Suppose l - m*l + 8 = 0. What is the units digit of l?
4
What is the units digit of 6/(-21) + 24/(-14) - -76?
4
Suppose 0*c + 47 = 3*d + 2*c, 4*c = -5*d + 77. What is the units digit of d?
7
Let o(g) = g**2 + g. Let j = 3 + -4. Let a(f) = -5*f**2 - 5*f. Let i(k) = j*a(k) - 4*o(k). What is the units digit of i(-2)?
2
Suppose -5*d = -13 - 147. What is the units digit of d?
2
Let x(f) = f**3 + 8*f**2 - 2*f - 7. What is the units digit of x(-8)?
9
Suppose o - 12 = 2*k, -4*o = -10*k + 5*k - 33. Let x be (-1)/((-2)/20*o). Suppose 3 = 2*w - x. What is the units digit of w?
4
What is the units digit of 7/(4 + (-375)/95)?
3
Suppose 0*x = x + 28. What is the tens digit of (x + 2)/(-2) + 2?
1
Suppose z + 3*z = 12. Suppose 0 = -z*s + 8*s - 135. What is the units digit of s?
7
Let n(i) = i**3 - 4*i**2 + 1. What is the units digit of n(5)?
6
Suppose -3*y + 9 = -3. Suppose n + 3*n + y = 0. Let o(c) = -6*c - 1. What is the units digit of o(n)?
5
Let x = 3 + -3. Let h(w) = w**3 + w**2. Let r be h(x). Suppose -2*i + 54 = 4*g + 20, r = 2*i + 2*g - 26. What is the units digit of i?
9
Suppose 0 = -5*o - 3*f + 27, -o + 5*f - f - 13 = 0. Suppose 0 = 2*k - 0*k. Suppose p + k*p = o. What is the units digit of p?
3
Let c(j) = -46*j**2 - j. Let h(o) = o**3 + 7*o**2 - 8*o - 1. Let d be h(-8). Let u be c(d). What is the units digit of (-166)/(-18) - (-10)/u?
9
Suppose d = 18*d - 1411. What is the units digit of d?
3
Let r be (0 + -2)/(-1 - 0). Let j be (r + -1)/(-1) + 16. What is the tens digit of ((-6)/j)/((-1)/25)?
1
What is the tens digit of 87 - (-6 - (0 + -2))?
9
Let q(u) = u**2 - 9*u + 25. What is the tens digit of q(12)?
6
Let q(a) = 1 - 3*a**3 - 7*a + 4*a**3 + 8*a**2 - 2*a**3. Let z(t) = -t**2 + 9*t + 7. Let w be z(9). What is the units digit of q(w)?
1
Let v(s) = s - 3. Let n be v(7). Suppose -13 - 7 = -n*a. Suppose 2*t = t - j + 18, a*t - 78 = -2*j. What is the units digit of t?
4
Let f(l) = -l**2 - l. Let x be f(0). Suppose x = 4*r + 14 - 50. Suppose -n + r = -0. What is the units digit of n?
9
Let j(p) be the second derivative of -3*p**5/20 + p**4/12 - 3*p**2/2 - 8*p. What is the units digit of j(-2)?
5
What is the units digit of (-634)/(-10) - 12/30?
3
Let v(o) = -3*o - 13. Let j(p) = -2*p - 7. Suppose 4*n + 6 = -18. Let s(y) = n*v(y) + 11*j(y). What is the units digit of s(-1)?
5
Suppose -2*j + 20 = 2*m, 29 = 4*j + 5*m - 16. Suppose 0 = -j*y - 5*h + 120, -4*y = -y - 4*h - 65. Let c = y + -13. What is the tens digit of c?
1
Suppose -4 = 4*r - 6*r. Suppose -5 - r = -y. What is the units digit of y?
7
Let i(u) = 2*u**2 - 2*u - 3. Let a(p) = p**2 + 3*p + 4. Let k be a(-3). What is the units digit of i(k)?
1
Let u = 261 - 374. Let h = -71 - u. What is the units digit of h?
2
Suppose -28 = 2*p + 4*i, i - 13 = 2*p - 0*i. Let v be ((-6)/p)/(2/8). Let c = v + 2. What is the units digit of c?
5
What is the tens digit of -10*(3/18 - (-13)/(-6))?
2
Suppose 0 = -3*o - 0*o. Let b be o/((-3)/(-1)) + 0. Suppose 3*h - 4 + 1 = b. What is the units digit of h?
1
Let l(v) = 6*v**3 - 4*v**2 - 4*v + 7. Let x(f) = 5*f**3 - 4*f**2 - 4*f + 6. Let m(p) = -4*l(p) + 5*x(p). What is the units digit of m(5)?
7
Suppose 5*q = 473 + 102. What is the hundreds digit of q?
1
Suppose m = -3*f + 4*f + 3, -4*m + f + 21 = 0. Let p = m - -14. What is the units digit of p?
0
Suppose -3*i + 4 = -2. Suppose -16 = -4*b, -i*b - 4 = -0*f - 4*f. What is the units digit of f?
3
Let g(t) = 2 - 3 - 12*t**2 + 3*t + 7*t**2 + t**3. What is 